{"id":6,"date":"2025-08-27T19:07:11","date_gmt":"2025-08-27T19:07:11","guid":{"rendered":"https:\/\/councelling-on-wheels.ch\/web\/?page_id=6"},"modified":"2025-10-05T10:27:49","modified_gmt":"2025-10-05T10:27:49","slug":"start","status":"publish","type":"page","link":"https:\/\/councelling-on-wheels.ch\/web\/","title":{"rendered":"Start"},"content":{"rendered":"<div class=\"wp-block-image\">\n<figure class=\"aligncenter size-full is-resized\"><img loading=\"lazy\" decoding=\"async\" width=\"1023\" height=\"227\" src=\"https:\/\/councelling-on-wheels.ch\/web\/wp-content\/uploads\/2025\/08\/tautropfen-in-einem-spinnennetz2.jpg\" alt=\"\" class=\"wp-image-28\" style=\"width:1170px;height:auto\" srcset=\"https:\/\/councelling-on-wheels.ch\/web\/wp-content\/uploads\/2025\/08\/tautropfen-in-einem-spinnennetz2.jpg 1023w, https:\/\/councelling-on-wheels.ch\/web\/wp-content\/uploads\/2025\/08\/tautropfen-in-einem-spinnennetz2-300x67.jpg 300w, https:\/\/councelling-on-wheels.ch\/web\/wp-content\/uploads\/2025\/08\/tautropfen-in-einem-spinnennetz2-768x170.jpg 768w\" sizes=\"auto, (max-width: 1023px) 100vw, 1023px\" \/><\/figure><\/div>\n\n\n<h2 class=\"wp-block-heading has-text-align-center\"><strong>Willkommen bei Councelling-on-W<\/strong>h<strong>eels<\/strong><\/h2>\n\n\n\n<p class=\"has-text-align-center\"><\/p>\n\n\n\n<div class=\"wp-block-columns is-layout-flex wp-container-core-columns-is-layout-9d6595d7 wp-block-columns-is-layout-flex\">\n<div class=\"wp-block-column is-layout-flow wp-block-column-is-layout-flow\"><div class=\"wp-block-image\">\n<figure class=\"aligncenter size-full\"><img loading=\"lazy\" decoding=\"async\" width=\"72\" height=\"72\" src=\"https:\/\/councelling-on-wheels.ch\/web\/wp-content\/uploads\/2025\/08\/neve-webdesign-GB-03.png\" alt=\"\" class=\"wp-image-31\"\/><\/figure><\/div>\n\n\n<h3 class=\"wp-block-heading has-text-align-center\">Life-Coaching<br>  <mark style=\"background-color:rgba(0, 0, 0, 0)\" class=\"has-inline-color has-nv-site-bg-color\">.<\/mark><\/h3>\n\n\n\n<p class=\"has-text-align-center\">Sie erhalten eine umfassende Analyse Ihrer derzeitigen Lebenssituation sowie Ihrer pers\u00f6nlichen Fragestellungen.<\/p>\n\n\n\n<p class=\"has-text-align-center\">Wir kl\u00e4ren Ihre Bed\u00fcrfnisse und Erwartungen an eine neue Zukunft f\u00fcr Sie und entwickeln daraus eine tempor\u00e4re Begleitung zur Umsetzung Ihrer Ziele.<\/p>\n\n\n\n<p class=\"has-text-align-center\">Wir entwickeln anschliessend daraus L\u00f6sungen, die sehr pragmatisch und f\u00fcr Sie aus Ihren M\u00f6glichkeiten heraus umsetzbar und pers\u00f6nlich auf Sie selbst zugeschnitten sind.<\/p>\n<\/div>\n\n\n\n<div class=\"wp-block-column is-layout-flow wp-block-column-is-layout-flow\"><div class=\"wp-block-image\">\n<figure class=\"aligncenter size-full\"><img loading=\"lazy\" decoding=\"async\" width=\"72\" height=\"72\" src=\"https:\/\/councelling-on-wheels.ch\/web\/wp-content\/uploads\/2025\/08\/neve-webdesign-GB-04.png\" alt=\"\" class=\"wp-image-32\"\/><\/figure><\/div>\n\n\n<h3 class=\"wp-block-heading has-text-align-center\">Budget- &amp;<br>Schuldenberatung<\/h3>\n\n\n\n<p class=\"has-text-align-center\">Wir alle kommen immer wieder in Lebenssituationen, wo uns unsere eigene finanzielle Lage vor Herausforderungen stellt.<\/p>\n\n\n\n<p class=\"has-text-align-center\">Hier erhalten Sie in der Beratung eine Budget-Analyse.<\/p>\n\n\n\n<p class=\"has-text-align-center\">Anschliessend werde ich Ihnen L\u00f6sungen aufzeigen und allenfalls neue pers\u00f6nliche Finanzstrategien entwerfen, wie Sie zu einem ausgewogenen Budget gelangen k\u00f6nnen, oder sogar allf\u00e4llige Schulden bereinigen k\u00f6nnen.<\/p>\n<\/div>\n\n\n\n<div class=\"wp-block-column is-layout-flow wp-block-column-is-layout-flow\"><div class=\"wp-block-image\">\n<figure class=\"aligncenter size-full\"><img loading=\"lazy\" decoding=\"async\" width=\"72\" height=\"72\" src=\"https:\/\/councelling-on-wheels.ch\/web\/wp-content\/uploads\/2025\/08\/neve-webdesign-GB-01.png\" alt=\"\" class=\"wp-image-33\"\/><\/figure><\/div>\n\n\n<h3 class=\"wp-block-heading has-text-align-center\">Springerin \/<br>Berufsbeist\u00e4ndin<\/h3>\n\n\n\n<p class=\"has-text-align-center\">Als ausgebildet und erfahrene Berufsbeist\u00e4ndin k\u00f6nnen Sie mich f\u00fcr tempor\u00e4re Springereins\u00e4tze in Ihrem Unternehmen buchen.<\/p>\n<\/div>\n<\/div>\n\n\n\n<div class=\"wp-block-columns is-layout-flex wp-container-core-columns-is-layout-9d6595d7 wp-block-columns-is-layout-flex\">\n<div class=\"wp-block-column is-layout-flow wp-block-column-is-layout-flow\"><\/div>\n\n\n\n<div class=\"wp-block-column is-layout-flow wp-block-column-is-layout-flow\">\n<figure class=\"wp-block-image size-full\"><img loading=\"lazy\" decoding=\"async\" width=\"1023\" height=\"227\" src=\"https:\/\/councelling-on-wheels.ch\/web\/wp-content\/uploads\/2025\/08\/tautropfen-in-einem-spinnennetz2.jpg\" alt=\"\" class=\"wp-image-28\" srcset=\"https:\/\/councelling-on-wheels.ch\/web\/wp-content\/uploads\/2025\/08\/tautropfen-in-einem-spinnennetz2.jpg 1023w, https:\/\/councelling-on-wheels.ch\/web\/wp-content\/uploads\/2025\/08\/tautropfen-in-einem-spinnennetz2-300x67.jpg 300w, https:\/\/councelling-on-wheels.ch\/web\/wp-content\/uploads\/2025\/08\/tautropfen-in-einem-spinnennetz2-768x170.jpg 768w\" sizes=\"auto, (max-width: 1023px) 100vw, 1023px\" \/><\/figure>\n\n\n\n<p class=\"has-text-align-center\"><\/p>\n\n\n\n<div class=\"wp-block-buttons alignwide is-content-justification-center is-layout-flex wp-container-core-buttons-is-layout-16018d1d wp-block-buttons-is-layout-flex\">\n<div class=\"wp-block-button is-style-primary\"><a class=\"wp-block-button__link wp-element-button\" href=\"https:\/\/councelling-on-wheels.ch\/web\/ueber-mich\/\">\u00dcber mich<\/a><\/div>\n<\/div>\n<\/div>\n\n\n\n<div class=\"wp-block-column is-layout-flow wp-block-column-is-layout-flow\"><\/div>\n<\/div>\n\n\n\n<p><\/p>\n","protected":false},"excerpt":{"rendered":"<p>Willkommen bei Councelling-on-Wheels Life-Coaching . Sie erhalten eine umfassende Analyse Ihrer derzeitigen Lebenssituation sowie Ihrer pers\u00f6nlichen Fragestellungen. Wir kl\u00e4ren Ihre Bed\u00fcrfnisse und Erwartungen an eine neue Zukunft f\u00fcr Sie und entwickeln daraus eine tempor\u00e4re Begleitung zur Umsetzung Ihrer Ziele. Wir entwickeln anschliessend daraus L\u00f6sungen, die sehr pragmatisch und f\u00fcr Sie aus Ihren M\u00f6glichkeiten heraus umsetzbar&hellip;&nbsp;<a href=\"https:\/\/councelling-on-wheels.ch\/web\/\" rel=\"bookmark\"><span class=\"screen-reader-text\">Start<\/span><\/a><\/p>\n","protected":false},"author":1,"featured_media":0,"parent":0,"menu_order":0,"comment_status":"closed","ping_status":"closed","template":"","meta":{"neve_meta_sidebar":"","neve_meta_container":"","neve_meta_enable_content_width":"","neve_meta_content_width":0,"neve_meta_title_alignment":"","neve_meta_author_avatar":"","neve_post_elements_order":"","neve_meta_disable_header":"","neve_meta_disable_footer":"","neve_meta_disable_title":"","footnotes":""},"class_list":["post-6","page","type-page","status-publish","hentry"],"_links":{"self":[{"href":"https:\/\/councelling-on-wheels.ch\/web\/wp-json\/wp\/v2\/pages\/6","targetHints":{"allow":["GET"]}}],"collection":[{"href":"https:\/\/councelling-on-wheels.ch\/web\/wp-json\/wp\/v2\/pages"}],"about":[{"href":"https:\/\/councelling-on-wheels.ch\/web\/wp-json\/wp\/v2\/types\/page"}],"author":[{"embeddable":true,"href":"https:\/\/councelling-on-wheels.ch\/web\/wp-json\/wp\/v2\/users\/1"}],"replies":[{"embeddable":true,"href":"https:\/\/councelling-on-wheels.ch\/web\/wp-json\/wp\/v2\/comments?post=6"}],"version-history":[{"count":19,"href":"https:\/\/councelling-on-wheels.ch\/web\/wp-json\/wp\/v2\/pages\/6\/revisions"}],"predecessor-version":[{"id":141,"href":"https:\/\/councelling-on-wheels.ch\/web\/wp-json\/wp\/v2\/pages\/6\/revisions\/141"}],"wp:attachment":[{"href":"https:\/\/councelling-on-wheels.ch\/web\/wp-json\/wp\/v2\/media?parent=6"}],"curies":[{"name":"wp","href":"https:\/\/api.w.org\/{rel}","templated":true}]}}